of z(l). Determine g(y).
-4
Let d(l) = l**2 - l - 1. Let o = 24 + -24. Suppose 5*f + o = 10. Determine d(f).
1
Let y(t) = -2*t**2 + 2*t - 2. Let h(w) = w**3 - w**2 + 3*w - 4. Let p(a) = -h(a) + 2*y(a). Determine p(2).
-18
Let p(k) = -k**3 - 8*k**2 - 15 + 77*k - 25*k + 19*k**2 - 38*k. Calculate p(12).
9
Let q(f) be the second derivative of -f**4/12 - f**3/2 + 2*f**2 + 2*f. Suppose -2*t - 4*i = 10, -3*i = 4*t + 2 + 18. What is q(t)?
-6
Let l(s) = -565 + 1714 - 575 - 570 - 6*s. Let v(g) = -3*g**2 - 2*g + 1. Let j be v(1). Determine l(j).
28
Let c(h) be the third derivative of h**6/120 + 2*h**5/15 + h**4/12 + 13*h**3/6 - 379*h**2. Give c(-8).
-3
Let y be (6 - 0) + (-1 - -2). Let b be (-12)/y + -3*(-4)/(-42). Let v(x) = -x**3 - 4*x**2 - 3*x. Give v(b).
-2
Let d(g) = 2*g**2 - 10 + 61 - 18 - 19*g - 21. Determine d(8).
-12
Let i(d) = -3*d - 8. Let a = -109 + 105. Calculate i(a).
4
Let u(i) be the second derivative of -5*i**4/12 + i**3/6 + 3*i**2/2 - 15*i. Let g(a) be the first derivative of u(a). Determine g(-1).
11
Let p(j) = 2*j**2 - 6*j - 5. Let k = -517 - -513. Calculate p(k).
51
Let n(g) = -g**3 + 7*g**2 - 3*g + 26. Let t be n(7). Suppose t*q = 6*k - k, 2*k - 5*q = 0. Let c(o) = o. Give c(k).
0
Let r(i) = i**3 - i**2 + i + 25. Let u = 402 + -402. Give r(u).
25
Let k(v) = 18*v**2 + 2*v - 1. Let z be (1 + 1)*(-45)/(-18). Suppose 0 = z*q - 6*q + 1. What is k(q)?
19
Let p(v) = -v**3 - 10*v**2 + v + 2. Let b(n) = -49*n**3 - 6*n**2 + 14 + 19*n - 47*n**3 + 95*n**3. Let o be b(-8). Calculate p(o).
-8
Let x(u) = 16*u + 6. Suppose -3*m - 40 = -11*m. Let i(v) = -m*v + 2*v + 4*v - 4*v - 1. Let l(o) = 11*i(o) + 2*x(o). Give l(2).
-1
Let s(w) = 6*w**3 - w**2 + 10*w. Let i(v) = v**3 + v**2 + v + 1. Let a(h) = -5*i(h) + s(h). Calculate a(5).
-5
Let x = -33 - -37. Suppose 14 = 2*m + x. Let w(c) = -c - 7. Give w(m).
-12
Let u(x) = -x**2 + x + 2. Let m be (-186)/(-217) + 32/28. Give u(m).
0
Let c(f) = -f**3 - 5*f**2 + 2*f + 6. Suppose -v = -2*v + 5*l + 34, -3*v = -l - 32. Let z be (v - 13) + (-2 - -1)*1. Give c(z).
-4
Let b be (13/26)/((5/96)/5). Let r(o) = 49*o + 10 - 96*o + b*o. Give r(-7).
3
Let u = -537 - -534. Let m = 5 + -3. Let j(f) = -3*f**3 + 2*f**3 - 4*f**2 - m*f - f**2. Calculate j(u).
-12
Let b(a) = -a + 1. Let v be 5/((-50)/(-8))*105/42. Calculate b(v).
-1
Suppose -u = 34*u + 385. Let t(o) = -o - 14. Calculate t(u).
-3
Let x(r) = -2*r + r - 13 + 16 - 20. What is x(-11)?
-6
Suppose f + 3*c - 1 = 6*f, 4*f - c + 5 = 0. Let r = 16 - 12. Let k(d) = -r + 7 - 4 + d. Calculate k(f).
-3
Let l(h) = -3*h + 6*h - 2*h. Let j(r) = 6*r + 7. Let a(k) = j(k) - 4*l(k). Calculate a(-8).
-9
Let d(h) = 2831*h - 2837*h - 2 + 3*h**3 - 2*h**3 - 3*h**2 + 8*h**2. Determine d(-6).
-2
Let b(f) = 7*f - 33. Let w(r) = -11*r + 50. Let n(s) = 8*b(s) + 5*w(s). Determine n(10).
-4
Let c(q) = -2*q - 3. Let a be 2 + 7/(21/6). Suppose -24 = -4*o + a*d, 2*d + 0*d = 5*o - 30. Let n be (-26)/o + (-2)/(-6). Calculate c(n).
5
Let i(b) = b + 5. Suppose q = -5*w - 42, 3 + 0 = q. Let x be i(w). Let a = x - -11. Let y(g) = g**3 - 6*g**2 - 7*g + 7. Calculate y(a).
7
Suppose -3*w + 44 = -2*d, w + 0*d - 3*d - 17 = 0. Let u = 13 - w. Let s(q) be the second derivative of q**5/10 + q**4/6 - q**2/2 - 3*q. Give s(u).
-1
Let z(f) = -f**3 + 3*f**2 - 7. Let r(c) = -9*c - 214. Let y be r(-24). What is z(y)?
-3
Suppose r + 3*n + 5 + 2 = 0, -5*r + 2*n = -16. Let x(b) = 5*b**2 - b + 1. Calculate x(r).
19
Let l(o) = 3 - 5*o**2 + 2*o**2 + 5*o**2 + 5*o. Let d be l(-3). Let j(z) = -2*z + 6. Determine j(d).
-6
Let k(c) = 0*c - 3 - 4*c + 5*c - 3. Let f be k(8). Suppose -m + 2 = -f. Let s(l) = 2*l - 4. What is s(m)?
4
Let t(y) be the first derivative of -71 + 3*y**3 - y**2 - 5*y**3 - 3*y**3 - y + 78. Calculate t(-1).
-14
Let k(f) = -f**2 - 2*f + 7. Suppose -3*q - 5*c = 29, 11*c = -3*q + 13*c - 1. Calculate k(q).
4
Suppose 4 = -4*h + 12. Suppose -h = -6*p - 8. Let b(o) = -15*o**2 + 1. Give b(p).
-14
Suppose -c + 4 = -2*w - 0, c - 3*w = 9. Let l = 3 + -1. Let y(d) = d**2 + 4 + 6*d + 3*d**2 - 3*d**l. Give y(c).
4
Let n(k) be the third derivative of -k**5/60 + k**4/24 - 8*k**3/3 + 2*k**2 - 5. Calculate n(0).
-16
Let y be 1/(((-4)/(-6))/(-2)). Suppose 0 = -2*u - 4*u + 12. Let o(b) = u*b + 2 - 3 - 1. What is o(y)?
-8
Let w(o) be the third derivative of -o**6/120 + 7*o**5/60 - 5*o**4/24 - o**3/2 - 21*o**2 + 2. What is w(6)?
3
Suppose 4*m = 7*y - 4*y + 6, -y + 17 = 5*m. Let r(h) be the third derivative of -h**4/8 + h**3/2 - h**2. Give r(m).
-6
Let n(t) be the third derivative of t**8/2240 + t**7/1260 - t**5/120 - t**4/3 + 7*t**2. Let s(r) be the second derivative of n(r). Calculate s(1).
4
Suppose 2*t = -2*t + 3*z + 3, -5*z = 5. Let h(m) = m**2 + 22. Give h(t).
22
Suppose -5*x = -n + 2 + 5, 16 = -4*n - 2*x. Let u(a) = 3*a**2 + a - 4. Give u(n).
20
Suppose 68 = -60*k + 77*k. Let w(f) = 11*f - 9. What is w(k)?
35
Suppose -3*j - 2 = -a + 7, 4*a = j + 14. Let o(r) = 2*r + 2. Let i(l) = -13*l - 6. Let g(m) = -i(m) - 5*o(m). Give g(a).
5
Let s(z) = 18*z**2 - z + 1. Let r be s(1). Let v(u) = r*u - 5*u - 8*u - 7*u - 6. Give v(-8).
10
Suppose 3*d - 19 = -v, -6 = -2*d - 0*d. Let p be v/(-40) - 9/(-4). Let o(z) = -z + 0 + p - 5. Calculate o(3).
-6
Let a = 78 + -83. Let c(w) = w**3 + 4*w**2 - 5*w + 3. What is c(a)?
3
Let n(z) = z - 12. Let u be (-4)/6 - (164/(-12) - -2). Determine n(u).
-1
Let g(w) be the first derivative of -5*w**3/3 + w**2/2 - 7*w - 2. Let x(y) = 4*y**2 + 6. Let k(v) = -3*g(v) - 4*x(v). Give k(-4).
-7
Let r(n) = 61*n + 64. Let m(i) = -31*i - 35. Let x(c) = -11*m(c) - 6*r(c). Give x(-1).
26
Let d be -4*(3 - 63/6). Let x be (12/d)/(1/5). Let v(n) = 9*n - n + 3 - n**2 - 5 - x*n. Calculate v(3).
7
Let j(g) = -g**2 + g + 1. Let k(h) = 3*h**2 + 2*h - 2. Let f(m) = 2*j(m) + k(m). Let l = -65 + 22. Let b = l + 41. Calculate f(b).
-4
Let n(k) be the first derivative of -5*k**2/2 + 22*k + 488. Determine n(3).
7
Let m(n) be the third derivative of -n**3 - 16*n**2 + 0*n - 1/24*n**4 + 0. Calculate m(-3).
-3
Let z(b) be the second derivative of 0*b**2 + 0 - 1/2*b**4 + 8*b + 1/6*b**3. Determine z(1).
-5
Let i(w) = -17*w**3 + 24*w**2 - 5*w + 13. Let t(b) = -37*b**3 + 49*b**2 - 11*b + 27. Let d(l) = -13*i(l) + 6*t(l). Give d(-18).
11
Let t(y) = 38. Let l(j) = j + 11. Let s(o) = 5*l(o) - t(o). What is s(-7)?
-18
Let s(d) = d**3 + d**2 + 3*d - 3. Let y be s(-3). Let x = -32 - y. Let n(g) = 4 - 7 - g + 2. Determine n(x).
1
Let v(o) = o**2 + 2*o + 3. Let l(d) = d - 7. Let s be l(2). Let b be s/((-5 - -4)/(-1)). Give v(b).
18
Let u(x) = 4*x - 10 + 12 - 5 - x. Let o be -3*2/4*2. Let p be -3 - (-3 - 0) - o. Determine u(p).
6
Let n(c) be the first derivative of -2*c**2 + 27*c - 410. Determine n(11).
-17
Let l(v) = -2*v**2 + 10*v - 5. Let p = 198 - 193. Let g be l(p). Let o(y) = -y + 5*y**2 - 5 + 0*y**2 + 2*y + y**3. Determine o(g).
-10
Let v(w) = w**3 - 4*w**2 - 4*w + 6. Suppose -15 = -3*b, 3*x = -b + 2*b + 10. Suppose -x = 6*l - 29. Determine v(l).
-10
Let h(i) = -9*i + 4. Let p(o) = 2*o - 1. Let u(l) = h(l) + 5*p(l). Suppose 0 = -4*t + 2*x + 24, -3*t = 5*x - 3 - 15. Determine u(t).
5
Let l(b) = b**2 + 9*b - 2. Let k(j) = 18*j - 100. Let f be k(5). What is l(f)?
8
Let k(p) = -16*p**2 + 14*p + 86. Let l(w) = 3*w**2 - 3*w - 17. Let i(g) = -2*k(g) - 11*l(g). Let d(m) be the first derivative of i(m). Give d(4).
-3
Let a = 84 + -90. Let s = 0 - a. Let n(g) = -g**3 + 6*g**2 + g - 8. Give n(s).
-2
Let q(g) = -25*g**2 - 9*g - 2. Let o(b) = -12*b**2 - 4*b - 1. Let s(i) = -13*o(i) + 6*q(i). Let v be 0 - -2*(-4)/(-8). Determine s(v).
5
Let f(y) = -2*y**3 + y**2 - 2*y + 4. Let d(p) = -8*p**3 + 4*p**2 - 9*p + 17. Let v(o) = 2*d(o) - 9*f(o). Let l = 0 - -2. Calculate v(l).
10
Let u(h) = 7*h - 9 - 21*h**2 + 17*h**2 + 5*h**2. Give u(-8).
-1
Let n(r) = 4*r + 9. Let b(p) = -p - 1. Suppose -3*v - 4 = v. Let y(j) = v*n(j) - 6*b(j). Give y(-4).
-11
Let d(y) be the first derivative of -y**3/3 + 2*y**2 + 7*y - 7. Let s be (-560)/(-90) + (-2)/9. What is d(s)?
-5
Let q(j) = j**3 - 11*j - 11*j**2 + 3435 - 2*j**3 - 3447. Give q(-10).
-2
Let r(a) = -6*a + 1. Let j(h) = -5*h + 1. Let f(c) = -7*j(c) + 6*r(c). Let k = -1781 + 1775. Give f(k).
5
Let d(x) be the second derivative of x**4/12 - x**3/6 - 8*x. Let w(s) = -2*s**2 + 11*s + 6. Let o(r) = -3*d(r) - w(r). Calcula